s the remainder when 214 is divided by 56?
46
What is the remainder when 95 is divided by 10?
5
Calculate the remainder when 120 is divided by 11.
10
What is the remainder when 605 is divided by 317?
288
What is the remainder when 1007 is divided by 61?
31
What is the remainder when 38 is divided by 17?
4
What is the remainder when 756 is divided by 42?
0
Calculate the remainder when 11075 is divided by 209.
207
Calculate the remainder when 519 is divided by 63.
15
Calculate the remainder when 800 is divided by 266.
2
What is the remainder when 65 is divided by 33?
32
What is the remainder when 84 is divided by 34?
16
What is the remainder when 128 is divided by 13?
11
What is the remainder when 439 is divided by 10?
9
Calculate the remainder when 1951 is divided by 31.
29
What is the remainder when 1025 is divided by 57?
56
What is the remainder when 97 is divided by 4?
1
What is the remainder when 3305 is divided by 87?
86
What is the remainder when 623 is divided by 96?
47
What is the remainder when 508 is divided by 163?
19
Calculate the remainder when 182 is divided by 17.
12
Calculate the remainder when 769 is divided by 35.
34
What is the remainder when 551 is divided by 96?
71
Calculate the remainder when 1651 is divided by 38.
17
Calculate the remainder when 22995 is divided by 115.
110
What is the remainder when 443 is divided by 176?
91
What is the remainder when 295 is divided by 32?
7
What is the remainder when 390 is divided by 132?
126
What is the remainder when 300 is divided by 122?
56
What is the remainder when 355 is divided by 111?
22
What is the remainder when 190 is divided by 48?
46
Calculate the remainder when 154 is divided by 31.
30
Calculate the remainder when 431 is divided by 24.
23
What is the remainder when 9062 is divided by 22?
20
Calculate the remainder when 556 is divided by 111.
1
What is the remainder when 732 is divided by 90?
12
Calculate the remainder when 158 is divided by 14.
4
What is the remainder when 1459 is divided by 209?
205
Calculate the remainder when 28 is divided by 24.
4
Calculate the remainder when 18 is divided by 1.
0
Calculate the remainder when 401 is divided by 81.
77
Calculate the remainder when 285 is divided by 12.
9
Calculate the remainder when 247 is divided by 221.
26
Calculate the remainder when 266 is divided by 21.
14
Calculate the remainder when 236 is divided by 40.
36
What is the remainder when 152 is divided by 94?
58
Calculate the remainder when 187 is divided by 46.
3
Calculate the remainder when 43 is divided by 19.
5
Calculate the remainder when 172 is divided by 114.
58
What is the remainder when 130 is divided by 107?
23
Calculate the remainder when 158 is divided by 155.
3
What is the remainder when 144 is divided by 15?
9
What is the remainder when 128 is divided by 44?
40
Calculate the remainder when 1091 is divided by 5.
1
What is the remainder when 491 is divided by 9?
5
What is the remainder when 147 is divided by 50?
47
Calculate the remainder when 36 is divided by 17.
2
What is the remainder when 81 is divided by 47?
34
Calculate the remainder when 220 is divided by 193.
27
Calculate the remainder when 604 is divided by 66.
10
What is the remainder when 121 is divided by 18?
13
Calculate the remainder when 189 is divided by 57.
18
Calculate the remainder when 4966 is divided by 226.
220
What is the remainder when 583 is divided by 14?
9
Calculate the remainder when 1079 is divided by 43.
4
Calculate the remainder when 115 is divided by 46.
23
Calculate the remainder when 233 is divided by 198.
35
Calculate the remainder when 3099 is divided by 1536.
27
Calculate the remainder when 23555 is divided by 302.
301
Calculate the remainder when 540 is divided by 8.
4
Calculate the remainder when 118 is divided by 40.
38
What is the remainder when 21417 is divided by 180?
177
What is the remainder when 151 is divided by 40?
31
What is the remainder when 491 is divided by 40?
11
What is the remainder when 391 is divided by 28?
27
Calculate the remainder when 56 is divided by 31.
25
What is the remainder when 420 is divided by 289?
131
What is the remainder when 115 is divided by 42?
31
Calculate the remainder when 912 is divided by 135.
102
What is the remainder when 468 is divided by 38?
12
Calculate the remainder when 4 is divided by 1.
0
What is the remainder when 39 is divided by 21?
18
Calculate the remainder when 337 is divided by 55.
7
What is the remainder when 238 is divided by 125?
113
Calculate the remainder when 1496 is divided by 137.
126
What is the remainder when 106 is divided by 56?
50
What is the remainder when 6842 is divided by 58?
56
What is the remainder when 104 is divided by 7?
6
What is the remainder when 3295 is divided by 4?
3
What is the remainder when 35 is divided by 18?
17
Calculate the remainder when 65 is divided by 24.
17
Calculate the remainder when 2135 is divided by 19.
7
What is the remainder when 358 is divided by 30?
28
Calculate the remainder when 26708 is divided by 65.
58
What is the remainder when 412 is divided by 48?
28
Calculate the remainder when 1188 is divided by 19.
10
What is the remainder when 1434 is divided by 363?
345
Calculate the remainder when 11 is divided by 8.
3
Calculate the remainder when 73 is divided by 27.
19
What is the remainder when 669 is divided by 218?
15
What is the remainder when 67 is divided by 11?
1
Calculate the remainder when 494 is divided by 11.
10
Calculate the remainder when 126 is divided by 32.
30
What is the remainder when 164 is divided by 6?
2
Calculate the remainder when 235 is divided by 48.
43
What is the remainder when 895 is divided by 96?
31
What is the remainder when 62 is divided by 39?
23
What is the remainder when 251 is divided by 49?
6
What is the remainder when 378 is divided by 117?
27
What is the remainder when 251 is divided by 84?
83
What is the remainder when 1802 is divided by 43?
39
What is the remainder when 416 is divided by 38?
36
Calculate the remainder when 3623 is divided by 1204.
11
Calculate the remainder when 91 is divided by 40.
11
What is the remainder when 244 is divided by 137?
107
What is the remainder when 139 is divided by 35?
34
What is the remainder when 907 is divided by 301?
4
What is the remainder when 361 is divided by 48?
25
Calculate the remainder when 172 is divided by 40.
12
Calculate the remainder when 2061 is divided by 59.
55
What is the remainder when 82 is divided by 8?
2
What is the remainder when 48 is divided by 21?
6
What is the remainder when 5205 is divided by 248?
245
What is the remainder when 4860 is divided by 26?
24
Calculate the remainder when 199 is divided by 77.
45
Calculate the remainder when 436 is divided by 23.
22
What is the remainder when 86 is divided by 4?
2
Calculate the remainder when 128 is divided by 5.
3
What is the remainder when 5251 is divided by 36?
31
Calculate the remainder when 621 is divided by 24.
21
Calculate the remainder when 31570 is divided by 131.
130
Calculate the remainder when 2548 is divided by 35.
28
What is the remainder when 90 is divided by 19?
14
Calculate the remainder when 355 is divided by 14.
5
What is the remainder when 1239 is divided by 20?
19
What is the remainder when 357 is divided by 8?
5
Calculate the remainder when 185 is divided by 63.
59
What is the remainder when 556 is divided by 59?
25
What is the remainder when 791 is divided by 159?
155
What is the remainder when 646 is divided by 36?
34
Calculate the remainder when 784 is divided by 764.
20
What is the remainder when 181 is divided by 33?
16
Calculate the remainder when 1780 is divided by 32.
20
What is the remainder when 323 is divided by 13?
11
What is the remainder when 233 is divided by 39?
38
What is the remainder when 67 is divided by 25?
17
What is the remainder when 237 is divided by 80?
77
Calculate the remainder when 660 is divided by 21.
9
Calculate the remainder when 167 is divided by 43.
38
Calculate the remainder when 122 is divided by 25.
22
What is the remainder when 622 is divided by 161?
139
What is the remainder when 3281 is divided by 61?
48
Calculate the remainder when 1532 is divided by 29.
24
Calculate the remainder when 297 is divided by 55.
22
What is the remainder when 627 is d